t is the thousands digit of 8016831?
6
What is the ten thousands digit of 2240190?
4
What is the units digit of 436513?
3
What is the ten thousands digit of 13487149?
8
What is the ten thousands digit of 5966158?
6
What is the hundreds digit of 13516650?
6
What is the hundreds digit of 135393?
3
What is the units digit of 123316?
6
What is the hundreds digit of 1427090?
0
What is the hundred thousands digit of 7249178?
2
What is the hundreds digit of 2169576?
5
What is the thousands digit of 1667015?
7
What is the hundreds digit of 16562446?
4
What is the thousands digit of 20800?
0
What is the thousands digit of 7530040?
0
What is the hundred thousands digit of 9623563?
6
What is the ten thousands digit of 536444?
3
What is the ten thousands digit of 966796?
6
What is the units digit of 224920?
0
What is the ten thousands digit of 26518?
2
What is the ten millions digit of 13266947?
1
What is the thousands digit of 6541535?
1
What is the units digit of 631939?
9
What is the tens digit of 22358021?
2
What is the hundreds digit of 8337305?
3
What is the tens digit of 221180?
8
What is the thousands digit of 191278?
1
What is the ten thousands digit of 32290?
3
What is the tens digit of 2205551?
5
What is the units digit of 9713772?
2
What is the hundreds digit of 6770764?
7
What is the thousands digit of 20764950?
4
What is the tens digit of 136009?
0
What is the thousands digit of 3677945?
7
What is the thousands digit of 130148?
0
What is the hundreds digit of 486378?
3
What is the thousands digit of 7378230?
8
What is the ten thousands digit of 665628?
6
What is the hundreds digit of 171235?
2
What is the thousands digit of 732978?
2
What is the tens digit of 13949047?
4
What is the units digit of 337172?
2
What is the units digit of 217430?
0
What is the ten thousands digit of 249350?
4
What is the thousands digit of 659146?
9
What is the hundreds digit of 948946?
9
What is the ten millions digit of 33167411?
3
What is the tens digit of 6020432?
3
What is the hundreds digit of 6011263?
2
What is the ten thousands digit of 11304583?
0
What is the hundred thousands digit of 413380?
4
What is the units digit of 184388?
8
What is the units digit of 8205722?
2
What is the hundred thousands digit of 227449?
2
What is the hundreds digit of 6570185?
1
What is the units digit of 5022279?
9
What is the units digit of 2250683?
3
What is the tens digit of 233408?
0
What is the hundred thousands digit of 161876?
1
What is the units digit of 1921143?
3
What is the units digit of 25230798?
8
What is the hundred thousands digit of 351384?
3
What is the ten thousands digit of 59707?
5
What is the thousands digit of 987523?
7
What is the thousands digit of 246273?
6
What is the ten thousands digit of 6691695?
9
What is the millions digit of 19298433?
9
What is the hundreds digit of 4059322?
3
What is the hundreds digit of 42900233?
2
What is the tens digit of 1787548?
4
What is the hundred thousands digit of 1779404?
7
What is the hundreds digit of 149941?
9
What is the ten thousands digit of 107856?
0
What is the ten thousands digit of 5282366?
8
What is the hundred thousands digit of 4034455?
0
What is the millions digit of 19021528?
9
What is the tens digit of 3099501?
0
What is the hundred thousands digit of 1119252?
1
What is the hundred thousands digit of 392004?
3
What is the ten millions digit of 26425147?
2
What is the hundreds digit of 368056?
0
What is the hundreds digit of 1692733?
7
What is the hundreds digit of 2019013?
0
What is the thousands digit of 1360449?
0
What is the hundreds digit of 422633?
6
What is the hundreds digit of 447178?
1
What is the ten thousands digit of 208907?
0
What is the thousands digit of 1476274?
6
What is the hundreds digit of 70012?
0
What is the hundreds digit of 14184818?
8
What is the ten thousands digit of 2409899?
0
What is the tens digit of 4831989?
8
What is the tens digit of 545725?
2
What is the ten thousands digit of 4921609?
2
What is the hundred thousands digit of 4831876?
8
What is the units digit of 672229?
9
What is the units digit of 476148?
8
What is the hundreds digit of 115347?
3
What is the millions digit of 14343918?
4
What is the hundreds digit of 275375?
3
What is the tens digit of 474145?
4
What is the thousands digit of 2746237?
6
What is the hundred thousands digit of 630468?
6
What is the hundred thousands digit of 13749653?
7
What is the units digit of 1423463?
3
What is the thousands digit of 40408?
0
What is the units digit of 8853028?
8
What is the ten millions digit of 16431536?
1
What is the hundred thousands digit of 2613662?
6
What is the tens digit of 630512?
1
What is the tens digit of 4498339?
3
What is the hundreds digit of 7510145?
1
What is the tens digit of 711738?
3
What is the hundred thousands digit of 992414?
9
What is the tens digit of 90109?
0
What is the thousands digit of 11551037?
1
What is the ten thousands digit of 1978202?
7
What is the units digit of 10835120?
0
What is the tens digit of 3283436?
3
What is the hundreds digit of 236639?
6
What is the tens digit of 1519676?
7
What is the hundred thousands digit of 393364?
3
What is the hundreds digit of 4131056?
0
What is the hundred thousands digit of 2740292?
7
What is the hundreds digit of 137396?
3
What is the hundred thousands digit of 4692008?
6
What is the hundreds digit of 213414?
4
What is the thousands digit of 123218?
3
What is the thousands digit of 16239782?
9
What is the units digit of 181616?
6
What is the tens digit of 328802?
0
What is the ten thousands digit of 149359?
4
What is the thousands digit of 352979?
2
What is the hundreds digit of 7072104?
1
What is the ten thousands digit of 858334?
5
What is the hundreds digit of 1844847?
8
What is the thousands digit of 161788?
1
What is the hundreds digit of 286246?
2
What is the ten thousands digit of 10971971?
7
What is the units digit of 40277?
7
What is the tens digit of 1873432?
3
What is the tens digit of 135681?
8
What is the hundred thousands digit of 3254107?
2
What is the thousands digit of 250604?
0
What is the ten thousands digit of 143119?
4
What is the hundreds digit of 241588?
5
What is the units digit of 837303?
3
What is the ten thousands digit of 1235266?
3
What is the ten thousands digit of 269841?
6
What is the thousands digit of 359760?
9
What is the hundred thousands digit of 10081482?
0
What is the hundreds digit of 260297?
2
What is the tens digit of 294837?
3
What is the units digit of 783966?
6
What is the millions digit of 13532603?
3
What is the millions digit of 1759650?
1
What is the hundred thousands digit of 5450093?
4
What is the ten thousands digit of 4260401?
6
What is the hundred thousands digit of 11185980?
1
What is the ten thousands digit of 367183?
6
What is the hundred thousands digit of 14529147?
5
What is the units digit of 255431?
1
What is the tens digit of 31900?
0
What is the hundreds digit of 640567?
5
What is the hundreds digit of 6039106?
1
What is the hundreds digit of 329336?
3
What is the tens digit of 2157456?
5
What is the thousands digit of 413485?
3
What is the ten thousands digit of 3613926?
1
What is the hundred thousands digit of 1475206?
4
What is the units digit of 187418?
8
What is the hundreds digit of 100930?
9
What is the ten thousands digit of 109587?
0
What is the units digit of 2935275?
5
What is the tens digit of 949612?
1
What is the hundreds digit of 3096287?
2
What is the ten thousands digit of 11002900?
0
What is the hundred thousands digit of 314639?
3
What is the thousands digit of 3075779?
5
What is the hundreds digit of 280451?
4
What is the tens digit of 1525238?
3
What is the ten thousands digit of 1309260?
0
What is the hundreds digit of 790185?
1
What is the ten thousands digit of 784928?
8
What is the tens digit of 404?
0
What is the thousands digit of 904086?
4
What is the millions digit of 1241360?
1
What is the units digit of 3113314?
4
What is the ten millions digit of 13532978?
1
What is the tens digit of 1061243?
4
What is the millions digit of 1816404?
1
What is the thousands digit of 2796753?
6
What is the millions digit of 33520212?
3
What is the ten thousands digit of 21851921?
5
What is the hundreds digit of 11997812?
8
What is the hundred thousands 